
5
Suppose 6*l = -0*l + 7404. What is the units digit of 7 + 44/(-8) + l/4?
0
Let t be (34/(-6) + -1)*(-18)/5. Suppose -25*k + 152 = -t*k. What is the units digit of k?
2
Suppose 4030583 = 244*b - 137*b. What is the units digit of b?
9
Suppose -9*h - 151 = -160. Suppose 8*o - 3*o - 110 = 0. Suppose h = -m + o. What is the tens digit of m?
2
Suppose -2*d - 28 + 3416 = 4*p, -5052 = -3*d + 4*p. What is the thousands digit of d?
1
Let s(n) be the third derivative of 47*n**5/15 - n**4/24 - n**3/6 + 36*n**2. What is the tens digit of s(1)?
8
Let f(s) = 11*s**2 + 83*s + 2295. What is the thousands digit of f(-21)?
5
Suppose 0 = -4*d + 4*k + 416, 5*d + 5*k = -0*d + 480. Suppose 13*y - 7 = 6. What is the hundreds digit of (d + (y - 1))*(4 - 3)?
1
Suppose -84*v - 19896 = 21*v - 206796. What is the tens digit of v?
8
Let q(v) = 2*v**2 - 6*v - 6. Let d be q(7). Let g = -46 + d. Suppose -g*k = -4*n - 72, 0*k + 3*k - 54 = -4*n. What is the tens digit of k?
1
Let d = 417 + -59. Suppose -16*x = d - 4726. What is the hundreds digit of x?
2
Let x(t) = t**3 - 3*t**2 + 2*t - 245. Let h be x(0). Let m = h + 588. What is the units digit of m?
3
Let b = -429 + 262. What is the tens digit of (-6)/12*2*b?
6
Let c = 39197 - 3695. What is the tens digit of c?
0
Let j be (150/(-12))/(3/(-30)). What is the tens digit of 134225/j + -2*2/(-20)?
7
Let m = -21 - -57. Suppose -m*r + 56 = -43*r. What is the units digit of 8/20 - r*21/30?
6
Suppose 59*b = -19*b - 49*b + 232791. What is the units digit of b?
3
Let y = 1975 - 598. What is the thousands digit of y?
1
What is the units digit of 594396/266 + 9/21?
5
Let q(x) = 16*x**3 - 3*x**2 + 4*x - 8. Let c be (-12)/2*(-4)/6. Suppose c*t = 5*g - 12, 0 = -17*t + 22*t + g - 14. What is the hundreds digit of q(t)?
1
Suppose -4*i + 0*i + 12 = 0. Let j = -4548 + 3658. What is the tens digit of i/(-6)*j/5?
8
Suppose -445 = 5*g + 7*s - 3*s, 0 = -g + 3*s - 108. What is the units digit of (-2062)/(-6) + (-31)/g?
4
Let d(x) = 5*x + 2. Let m be d(-5). Let v(g) = g**3 + 22*g**2 - 28*g - 4. Let k be v(m). Let s = k - 50. What is the tens digit of s?
6
Suppose 216*w - 210*w - 18 = 0. Suppose 8*y - 4*m + 2772 = 12*y, -w*y + 5*m + 2055 = 0. What is the tens digit of y?
9
What is the thousands digit of 95/38*45952/5?
2
Let k(q) = 3074*q**2 - 107*q + 114. What is the tens digit of k(4)?
7
Let k be (12/(-14))/((-57)/532). Suppose -5*u + 39 = a, 5*a + k = 6*u - 2*u. Suppose -4*h = -u*h + 5*v + 383, h - 5*v = 121. What is the tens digit of h?
3
Let j(v) = -v**3 + 75*v**2 - 507*v + 90. What is the hundreds digit of j(63)?
7
Suppose 28*w - 35*w = -14070. Suppose 5436 = 6*h - w. What is the thousands digit of h?
1
Suppose -2*h - 2*t = -158, -10*h + 6*h = 5*t - 311. What is the units digit of ((-42)/(-24))/(3/h)?
9
Let n(m) = 4*m**2 + 21*m. Let c(z) = 5*z**2 + 21*z + 1. Let l(o) = -o - 1. Let a be l(-4). Let j(g) = a*c(g) - 4*n(g). What is the tens digit of j(-17)?
7
Let k(s) = 2*s**3 - 11*s**2 + 41*s + 4. Let r be k(4). What is the tens digit of 20538/15 + r/(-100)?
6
Suppose 5*d + 10 - 15 = 0, 30 = -5*i + 5*d. What is the units digit of (-2841)/i + (-24)/120?
8
Let y = -322 + 324. What is the units digit of -3 + y + (-5 - (3 + -322))?
3
Let l = 27187 + -12308. What is the thousands digit of l?
4
Suppose 0 = 2*p - 0*p + 2*c - 10, -p - 3*c = -11. Suppose -p*x = 2*q - 310, -4*q - 2*x = -x - 617. What is the tens digit of q?
5
Let y = 6014 - -1670. What is the tens digit of y?
8
What is the tens digit of ((-51471)/76)/21*(-721 - (3 + 0))?
4
Let m(c) = -c**2 + 14*c - 27. Let k be m(8). Suppose 72*j - 71*j = k. Suppose 0 = 3*w - 5*y - 33, -5*w = -4*y - 21 - j. What is the units digit of w?
6
Suppose -4*l = m - 300371, 9*l = 10*m - 11*m + 675846. What is the units digit of l?
5
Suppose 0 = k + 2*y + 378, -4*y = 5*k - 5*y + 1901. What is the units digit of (-1243)/(-5) - (-228)/k?
8
Let z = -969 - -3264. Suppose 5*a + z = 5*p - 0*a, 4*p = 5*a + 1832. What is the tens digit of p?
6
Suppose -2*m + 3*w + 39377 = 0, m - 2*m = -4*w - 19706. What is the tens digit of m?
7
Let f(z) = -z**3 + 59*z**2 + 75*z + 548. What is the units digit of f(60)?
8
Suppose 58*r + 4785 = -3*h + 61*r, 3196 = -2*h + 5*r. Let x = -78 - h. What is the units digit of x?
5
Suppose 13*k - 45 - 20 = 0. Suppose 0 = -c - 3 - 2, -k*p + 2*c + 805 = 0. What is the tens digit of p?
5
Let q(s) = -27 + 15*s**2 - s**3 - 3*s**2 + 2*s**2 + 14*s + 6. What is the hundreds digit of q(14)?
1
What is the hundreds digit of ((-6)/4)/(177/(-344324))?
9
Let g(a) = -a**3 + 15*a**2 + 15*a + 9. Let s be g(16). Let r(o) = 5*o + 37. Let t be r(s). Suppose -61 = -t*i + 43. What is the tens digit of i?
5
Let c(g) = g**2 - g - 17 + 110 - 27. Let k(x) = -x**2 - 5*x - 4. Let y be k(-4). What is the units digit of c(y)?
6
Let v be 1/2 - (-2 - (-12)/(-8)). Suppose v*o - 308 = 2*h, 6*h = -4*o + 3*h + 288. What is the units digit of o?
5
Let c(b) = -b**2. Let p(u) = -3*u**2 - 2*u - 2. Let g(t) = -4*c(t) + 2*p(t). Let n be g(-2). What is the units digit of 0 - (-91 + 3 + n)?
2
Let r be 2/5 + (-54)/(-15) - -176. Let j = r + 383. What is the tens digit of j?
6
Let u = -846 - -1493. Suppose r = n + 3*r - u, 3*r + 622 = n. What is the units digit of n?
7
Let l(m) = -5*m**3 - 90*m**2 + 19*m - 90. Let r(t) = -t**3 - 18*t**2 + 4*t - 18. Let q(f) = 2*l(f) - 11*r(f). What is the units digit of q(-9)?
1
Suppose -45*r = -2179538 + 285623. What is the ten thousands digit of r?
4
Let r be 3 - (448/(-8))/8. Suppose 6*m = -r*m + 17584. What is the tens digit of m?
9
What is the thousands digit of (21408/(-24))/((-75)/(-20) + -4)?
3
Let r = -4281 + 7327. What is the tens digit of r?
4
Let a(i) = -7*i - 135. Let n be a(-17). What is the tens digit of (-25582)/n + (-3 - (-25)/8)?
9
Suppose -2*m - 8 = 0, 3*m = -2*a - 166 - 68. Let i(z) = -3*z**3 - 3*z**2 + 4*z + 6. Let c be i(-4). Let p = c + a. What is the units digit of p?
3
Let i(a) = -12*a**2 + 17*a + 31. Let j(y) = -2*y + 1. Let o(w) = -i(w) - 4*j(w). What is the hundreds digit of o(-6)?
4
Let w = 12 + 42. Let g = w + -86. What is the hundreds digit of (426/(-8))/(108/g + 3)?
1
Suppose -3*m + 5*h = -22529, 21*m - 157771 = -1114*h + 1115*h. What is the thousands digit of m?
7
Suppose 17*l + 91 + 79 = 0. What is the hundreds digit of 67037/215 - 2/l?
3
Suppose 17*s - 612 = 15*s. Suppose -3*o - 2*o = -4*q + 1203, -3*o = -q + s. Let c = -121 + q. What is the units digit of c?
6
Let a(w) = -10415*w**3 + 3*w**2 + 47*w + 44. What is the tens digit of a(-1)?
1
Suppose -2*j + 3*k - 6 = 5*k, 0 = 3*j + k + 1. Let n be (9 - 0) + 1/1. What is the units digit of (314/n + j)*10/3?
8
Let g = 222 - -128. Let q = 67 + g. What is the hundreds digit of q?
4
Let m(z) = -z**3 - 12*z**2 - 15*z - 44. Let j be m(-11). Suppose 30*w - 84 - 4476 = j. What is the tens digit of w?
5
Suppose 4*m - 2*m + 4210 = 5*j, -3*m = -5*j + 4215. Let k = -171 + j. What is the hundreds digit of k?
6
Let m(h) = -314*h + 4. Let n be m(-2). Suppose 55*c - n = 53*c. What is the hundreds digit of c?
3
What is the thousands digit of (-268138)/(-39) + (16/(-12) - -3)?
6
Let c be 3/(-4) - 5589/36. Let s = 217 + c. What is the units digit of s?
1
Let l = -123 + 432. Let p = -136 + l. Suppose 0 = -w + 2*a + p, w + 3*a - 2*a - 182 = 0. What is the tens digit of w?
7
Suppose 51*v = -33*v + 385076 + 106576. What is the tens digit of v?
5
Suppose -5247796 = -31*l - 147*l. What is the tens digit of l?
8
What is the hundreds digit of (6732/27)/((-6)/(-369))?
3
What is the units digit of 21/(-2)*(-182102)/249?
9
Suppose 3*d + 37*d - 17720 = 0. Let q = d - 178. What is the tens digit of q?
6
Let d(l) = 95*l + 16. Suppose -2*i + 8 = 3*s - 7, 5*s - 6 = 3*i. What is the units digit of d(i)?
1
Let l be (1 + 0)/(2/(-8)). What is the units digit of 12/48 - 2543/l - -1?
7
Let f(v) = v**3 + 30*v**2 + 17*v + 22. What is the tens digit of f(-9)?
7
Let m(n) = 110*n - 21. Let j be m(-4). Let d = 752 + j. Suppose d + 145 = 4*v. What is the hundreds digit of v?
1
Let s(b) = b + 3. Let v be s(-2). Suppose -f = -4 - v. Suppose q + 3*a - 45 = -2*q, f*q + 2*a = 60. What is the tens digit of q?
1
Let p(n) = n**3 + 8*n**2 + 7*n + 3. Let q be p(-6). Let a = 5045 + -4580. Suppose -38*d = -q*d - a. What is the units digit of d?
3
Let f(u) = -2*u**3 - 33*u**2 - 15*u + 12